Let n(j) = -11*j + 13. Let z(a) = 6*a - 7. Let t(k) = 3*n(k) + 5*z(k). Determine t(w).
-5
Let v(j) = -4*j**3 - 2*j**2 + 3*j - 8. Let p(z) = -z**3 - z**2 + z - 3. Let l(y) = 8*p(y) - 3*v(y). Suppose 2*n = 3*o + 1, 5*n + 3 = o - 1. What is l(n)?
-5
Let c(g) be the third derivative of g**6/40 - g**5/30 - g**4/24 + g**2. Let d(i) = 5*i - 46. Let z be d(9). Give c(z).
-4
Let k(i) = 5*i - 2. Let z(n) = -11*n + 3. Let f(m) = m - 5. Let d be f(0). Let s(v) = d*k(v) - 2*z(v). Let y = 3 - 0. What is s(y)?
-5
Let j be (-2)/(-2) + 3 + -2. Let g(c) = c**3 - 4*c + 2*c + j*c**2 - 8 + 12. Determine g(-3).
1
Let x(b) = 8*b - 8. Let l be (-2)/6 - 13/(-3). Let q(d) = -3*d + 3. Let i(o) = l*x(o) + 11*q(o). Calculate i(2).
-1
Let f(b) be the second derivative of b**3/6 - 7*b**2/2 + 5*b. Determine f(5).
-2
Let w(p) = -2*p**2 + 3*p + 0 + 0*p + 1 - 4*p. Suppose -5*b + 11 = -4. Let q(m) = -m**2 + 2*m + 4. Let u be q(b). Calculate w(u).
-2
Let f(v) be the first derivative of v**3/3 + v**2 + v - 8. Let w(u) = u - 7 + 3 - 2. Let y be w(5). What is f(y)?
0
Let t(b) be the third derivative of b**6/360 + b**5/30 + b**4/6 + b**3/3 + 3*b**2. Let i(m) be the first derivative of t(m). Determine i(-4).
4
Let i(z) = -4*z - 1 + z + 5*z + 2. Determine i(-1).
-1
Let v(i) be the first derivative of -3*i**2/2 + i + 8. Give v(-1).
4
Suppose 0 = 3*z - 0 + 6. Let m(v) = 8*v**3 + 2*v**2 - 7*v + 1. Let f(d) = 9*d**3 + 2*d**2 - 8*d + 1. Let h(o) = -6*f(o) + 7*m(o). Determine h(z).
-5
Let z(u) = -3*u. Let q be 0 - (1 + 1 - 4). Suppose q + 2 = d + g, 5*g - 2 = d. Calculate z(d).
-9
Let c(z) = -z**2 + 7*z + 2. Let b(n) = -n**2 + 7*n + 3. Let l(f) = 3*b(f) - 4*c(f). Let q(d) = -d**2 + 9*d - 8. Let r be q(7). Calculate l(r).
-5
Let f(m) = -3 + m**2 - 4*m + 0*m + 2*m + 4 + m**3. Suppose 2*g = -3*i - g + 18, -i - 3*g = -16. What is f(i)?
1
Let v be 3/(4 - (-2 + 7)). Let m(a) = -6*a + 4. Calculate m(v).
22
Let l = -1 + 4. Let y be -2*l/(-12)*-26. Let x = y + 18. Let t(p) = -p**2 + 3*p + 3. Calculate t(x).
-7
Suppose 5*z + 2 = -5*v - 3, -5*v - 2*z = -1. Let p(k) = 11*k**3 - k. Calculate p(v).
10
Let q(k) = -k**2 + 5*k - 6. Let g = 9 - 2. Let l(f) = 10*f**2 + 3. Let d(o) = 3*o**2 + 1. Let a(j) = g*d(j) - 2*l(j). Let n be a(-2). Give q(n).
-6
Let b(s) = s**3 - 3*s**2 - 5*s + 6. Let d be b(4). Suppose 2*l + 5*z - 3 = -2*l, -2*z = 2*l - d. Let n(f) = -1 + f**l - 2*f + 2*f + f. Determine n(1).
1
Let m be 672/35 + (-4)/(-5). Suppose n - 6*n = -m. Let c(v) = -v**3 + 5*v**2 - 5*v + 5. What is c(n)?
1
Let u be -2*((-6)/(-4) - -1). Let t = 9 + u. Let g(i) = i**2 - i - 2. Calculate g(t).
10
Let h(r) be the first derivative of -r - 1 - 5/3*r**3 + 1/2*r**2. Let z(a) = -9*a**2 + 2*a - 1. Let l(q) = 7*h(q) - 4*z(q). What is l(0)?
-3
Let a(l) = l**2 - 6*l + 3. Let c be a(5). Let n(b) = b**2 + 3*b + 1. Give n(c).
-1
Let z(g) = g - 2. Let o be z(5). Let x(u) = -9 - 2 + 2*u + u**o - 2*u. Determine x(0).
-11
Let b(d) = -d**2 - 7*d + 2. Let y be ((0 + 2)/(2/4))/2. Suppose -3*l = l - 3*j - 69, 21 = l - 2*j. Suppose 3*q + 0*k + 19 = k, -3*k + l = -y*q. What is b(q)?
8
Let b(m) = 3*m**3 + 15*m**2 + 3*m - 3. Let c(j) = -2*j**3 - 10*j**2 - 2*j + 2. Let f be (-3)/2 + (-21)/6. Let y(w) = f*b(w) - 7*c(w). Give y(-2).
-9
Let l be 1*(-1 + 0 + 6). Let n(x) = x**2 - 2*x - 4. Let j be n(4). Let o(d) = 2*d**2 - 4 + j - l*d. Calculate o(4).
12
Let j = -1/67 - -471/134. Let x(z) be the second derivative of 2*z + 0 + 2/3*z**3 + j*z**2 - 1/12*z**4. Determine x(6).
-5
Let v(a) be the third derivative of -a**8/20160 + a**7/840 + a**6/120 + a**5/30 + 3*a**2. Let i(d) be the third derivative of v(d). Give i(6).
6
Let l(h) = 6*h**3 - 2*h**2 - 2*h - 1. Suppose 2*q = -2*q + 112. Suppose -4*c - 19 = -3*k, -4*k - 8 + q = 0. Determine l(c).
-7
Let w(o) be the third derivative of o**6/120 - o**5/15 + o**4/12 + o**3/6 - o**2. Suppose -2*t + 4*t = -12. Let g be (-8)/2*t/12. Calculate w(g).
-3
Let a(g) = -g + 8. Suppose -4 = -2*i - 2*i. Let q(n) be the third derivative of -n**3/6 + 2*n**2. Let p(w) = i*a(w) + 3*q(w). Give p(4).
1
Let l(t) be the first derivative of t**5/120 - t**4/24 - 4*t**3/3 - 4. Let r(v) be the third derivative of l(v). Give r(-4).
-5
Let u(c) be the second derivative of c**5/20 - 5*c**4/12 - c**3/6 + 6*c. Give u(5).
-5
Let y(i) be the second derivative of -i**4/24 - i**3/6 + i**2/2 + i. Let r(s) be the first derivative of y(s). Determine r(5).
-6
Suppose -5*c - 17 - 3 = 0. Let l(m) = m + 146 - 298 + 152. Calculate l(c).
-4
Let c(k) = 4*k + 4 - k - 6 - 5. Calculate c(6).
11
Let a(y) = -y**2 + y + 10. Let m be a(4). Let i(w) = w + 3. Determine i(m).
1
Suppose 8 = -0*z + 4*z. Let m(i) = -5 + i - z*i + 2*i. Suppose 5*p + 7 = -4*x + 2, -5*p = 5*x. Calculate m(x).
0
Let n(h) be the first derivative of h**3/3 + 2*h - 23. Suppose 0 = 3*q + 6. Calculate n(q).
6
Let x(m) = 7*m**2 - 6*m + 4. Let r(k) = 9*k**2 - 5*k + 4. Let q(z) = -3*r(z) + 4*x(z). Give q(8).
-4
Let f(c) = -c - 2. Let d be 4/2 - (-5 + 11). Suppose b - 3*b = 18. Let p = d - b. What is f(p)?
-7
Let u(z) = z - 5. Let k be u(11). Let j = -1 + 5. Let x be (4/k)/(j/(-6)). Let s(q) = -4*q - 1. Give s(x).
3
Let r(n) = -n**3 - n**2 - n - 1. Let u(w) = 6*w**3 + w**2 + w + 5. Let s(f) = 5*r(f) + u(f). Give s(5).
5
Let j(s) = -2*s**2 + s**2 - 2*s**3 - 8*s**3 + s. Let q(u) = -u**2 - 8*u + 1. Let r be q(-8). Give j(r).
-10
Let h(o) = o - 8. Suppose 50 = 5*v + 10. Suppose v = -x + 4*l, -3*x + 0*l + 27 = 5*l. Suppose -p = -x*p. Give h(p).
-8
Suppose 3*g - 8 = 16. Let r(a) = a - 6. Calculate r(g).
2
Let m(s) = s**2 - s - 4. Let f(q) = 3*q**2 - 3*q - 13. Let k(v) = 3*f(v) - 8*m(v). Calculate k(0).
-7
Let t(a) = -2*a**2 + 4*a - 1. Suppose -2*g = -6*g + 8. Suppose -g*o = 3*w - 10, 5*o - 12 = w - 4. Suppose w*v - 6 = -0*v. Determine t(v).
-7
Let v(j) = 7*j - 2. Let x(f) = 8*f - 2. Let b(i) = -7*v(i) + 6*x(i). Suppose 0 = -t - m + 5, -2*t + 3*m - 9 = -3*t. What is b(t)?
-1
Suppose s + 29*w - 26*w + 10 = 0, 2*w = -3*s - 16. Let q(k) be the second derivative of k**5/20 + k**4/4 - 2*k**3/3 + 2*k**2 - k. What is q(s)?
4
Let i(y) = y**3 + 4*y**2 - 7*y - 4. Suppose -4*d - 10 = -2*q, 5 = -4*q + d + 2*d. What is i(q)?
6
Let i(w) = 6*w + 7. Let j(v) = 5*v + 6. Let y(z) = 6*i(z) - 7*j(z). Let q(a) = a + 3. Let x be -1 - -1 - (4 - 1). Let h be q(x). Give y(h).
0
Let r(i) = 9*i**3 - 2*i**2 - i. Let b(j) = j + 8. Let c be b(-9). Calculate r(c).
-10
Let d(r) be the second derivative of r**5/20 + r**4/3 + r**3/6 - r**2 - 10*r. Give d(-4).
-6
Let h(c) = c**3 + 6*c**2 + c + 2. Let n be 54/3*(-2)/(-2). Suppose 3*v + 0*v + 5*o = -n, -o = 3*v + 18. What is h(v)?
-4
Let z(p) = p - 4. Suppose 0 = n + 2*n - 30. Suppose -7*f - d = -2*f - 26, 0 = 5*f + 5*d - n. Determine z(f).
2
Let u(f) = f**3 + 4*f**2 - 6*f - 2. Suppose -2 = h + 3. Calculate u(h).
3
Let y be (1 - -1)/1 + 3. Suppose z = -2*k - 0*z + 4, -8 = -4*k - y*z. Let f(c) = -c**2 + 3*c - 3. Determine f(k).
-1
Let t(k) = k**2 - 1. Let l be t(-1). Let p(w) = -w - 2. Determine p(l).
-2
Let o(f) = f**3 + 4*f**2 + 2*f + 2. Suppose -4*y - 4*t = 8, t + 4*t - 10 = -y. Let k be (2/y)/((-1)/(-10)). Give o(k).
-6
Let t(u) = -u**2 - 5*u. Suppose 98 = 3*z + 4*a, -94 = -2*z - z - 2*a. Suppose j + z = -4*j. Give t(j).
-6
Let i(l) be the second derivative of -l**3/6 - 9*l**2/2 + l. Give i(0).
-9
Let y(t) = -t**3 - 2*t**2 + 3*t + 4. Let u be y(-2). Let c(g) be the first derivative of -g**4/4 - g**3/3 + g**2/2 + g + 4. Give c(u).
3
Let r(y) be the third derivative of -y**6/720 - y**5/40 + y**4/24 - 2*y**2. Let z(b) be the second derivative of r(b). Let x = 7 + -10. Calculate z(x).
0
Let h(w) = w - 3. Let j(c) = 4*c. Let f be j(4). Let y = f + -16. Determine h(y).
-3
Let g = -141 + 146. Let h(c) = -c**3 + 4*c**2 + 4*c - 3. What is h(g)?
-8
Let l(o) = -3*o**2 + o**2 + o**2 + o - 2. Give l(2).
-4
Suppose 3*j = j - 10. Let p(s) = 2*s - 1. Let n be p(-5). Let t(c) = 3*c - 4. Let d(h) = -16*h + 20. Let g(y) = n*t(y) - 2*d(y). Determine g(j).
9
Let r(b) = -b**2 + 2. Suppose 6*x - 23 = 4*q + 3*x, -q + 5*x - 27 = 0. Give r(q).
-2
Let v = -2 - -7. Suppose v*u - 10 = 3*u. Let o(s) be the third derivative of -s**6/120 + s**5/10 - s**4/12 - s**3 - s**2. Determine o(u).
9
Let a(k) = k**3 - k**2 - 4*k + 4. Let u be 14/4 - (-6)/(-12). Calculate a(u).
10
Let i(a) be the third derivative of -a